1 composite?
False
Is 28422965131 a prime number?
False
Is 32753152169 composite?
False
Is 308597585 a composite number?
True
Is 4857635561 composite?
False
Is 29251353511 prime?
True
Is 131247509 a composite number?
False
Is 237448987 a prime number?
False
Is 1635962633 a prime number?
True
Is 1485496769 composite?
True
Is 40273590677 a composite number?
False
Is 13004077153 a composite number?
False
Is 2981001577 a prime number?
True
Is 57904010617 a prime number?
False
Is 119235639 composite?
True
Is 1846489011 prime?
False
Is 37596787 prime?
False
Is 13134914743 a prime number?
True
Is 5719127059 prime?
True
Is 1220934083 composite?
False
Is 4851094981 composite?
False
Is 14051534891 a prime number?
False
Is 151196113039 a prime number?
False
Is 28090411 prime?
True
Is 396119131219 prime?
False
Is 2494749863 composite?
True
Is 14414983763 a prime number?
False
Is 18170266241 a composite number?
False
Is 152198857 composite?
False
Is 18932424661 prime?
False
Is 173950067 composite?
False
Is 291280049623 a prime number?
False
Is 7543616939 a prime number?
True
Is 233659733 prime?
True
Is 51071597 composite?
True
Is 4684081637 prime?
False
Is 4840867391 composite?
False
Is 11710150411 composite?
False
Is 6184769993 prime?
True
Is 1711646459 a prime number?
True
Is 2599556837 a composite number?
True
Is 27969273235 composite?
True
Is 9333275333 prime?
False
Is 7807673353 composite?
False
Is 69448730509 a composite number?
True
Is 162084083 composite?
True
Is 6578398921 prime?
False
Is 396489747067 a composite number?
False
Is 43989066523 a prime number?
True
Is 1091484419 prime?
True
Is 794669071 a prime number?
False
Is 41209653413 prime?
False
Is 74885255953 a composite number?
True
Is 265618606189 composite?
False
Is 2594677129 prime?
False
Is 580890899 a composite number?
True
Is 3826279231 a composite number?
False
Is 105468289 composite?
True
Is 5971946287 a composite number?
False
Is 33497681879 prime?
True
Is 21674690987 a prime number?
False
Is 3416378507 a composite number?
False
Is 14465164247 prime?
True
Is 39876197 prime?
True
Is 199904522989 prime?
True
Is 1568828981 prime?
True
Is 6066391249 composite?
False
Is 11585721427 a prime number?
False
Is 292324873181 a prime number?
False
Is 22952453317 a composite number?
False
Is 81645743 a composite number?
True
Is 6122386321 prime?
False
Is 3218262941 a composite number?
True
Is 7761597629 a prime number?
True
Is 1416470929 prime?
True
Is 30177375911 prime?
True
Is 100922989 composite?
False
Is 5320003061 composite?
True
Is 106530923 a prime number?
True
Is 5410677817 composite?
False
Is 16693379 a prime number?
False
Is 506449553 composite?
True
Is 81299251339 prime?
True
Is 67579828403 a composite number?
True
Is 5967399329 prime?
True
Is 336381137 a composite number?
True
Is 759671207 a composite number?
True
Is 8473916411 composite?
True
Is 3544670159 a prime number?
True
Is 33814921477 composite?
False
Is 7288157231 prime?
False
Is 7509345967 a prime number?
True
Is 1273084979 a composite number?
False
Is 800849519 prime?
True
Is 28556606881 composite?
True
Is 148351131481 a prime number?
False
Is 94346851 a composite number?
True
Is 190227523 prime?
True
Is 1447851077 a prime number?
True
Is 2014166591 a composite number?
True
Is 450210797 prime?
True
Is 1857428981 a composite number?
False
Is 620954377 composite?
True
Is 2129301037 a prime number?
True
Is 3558775555 composite?
True
Is 1984069883 prime?
False
Is 1645980649 a composite number?
False
Is 21882432467 prime?
False
Is 4878709613 a composite number?
False
Is 11653661111 composite?
True
Is 280467461 composite?
False
Is 632038273 a composite number?
True
Is 28233155623 prime?
True
Is 83906822809 a prime number?
False
Is 1362850453 prime?
True
Is 64766771083 a prime number?
False
Is 23498507273 a composite number?
True
Is 299923021 prime?
False
Is 673821811 prime?
False
Is 194848219 a prime number?
True
Is 2237864401 composite?
False
Is 1929499213 composite?
False
Is 19588132087 a prime number?
True
Is 83567466755 a composite number?
True
Is 95085178219 composite?
False
Is 2690599103 prime?
True
Is 114804483 a composite number?
True
Is 9525396302 composite?
True
Is 35762021419 a composite number?
False
Is 587843393 a prime number?
True
Is 38792800261 composite?
False
Is 3563577697 a composite number?
False
Is 89612867639 a prime number?
False
Is 1637591971 composite?
True
Is 8219865494 prime?
False
Is 630642329 composite?
False
Is 1492928789 composite?
True
Is 740073611 a composite number?
False
Is 271717316954 prime?
False
Is 1676957561 a prime number?
True
Is 7252869101 composite?
True
Is 1132262891 a prime number?
False
Is 226772863 prime?
False
Is 13677469319 a composite number?
False
Is 61578173473 a composite number?
True
Is 10732155627 prime?
False
Is 726760261 a prime number?
False
Is 111897091 prime?
False
Is 364377817 a composite number?
True
Is 3449083843 prime?
True
Is 51925633 prime?
False
Is 1696150979 composite?
True
Is 3018369791 prime?
True
Is 2247230429 composite?
False
Is 68598819041 a prime number?
True
Is 18138077 composite?
False
Is 572377633 a prime number?
True
Is 17206443469 prime?
False
Is 270637217 a composite number?
False
Is 86451383 prime?
True
Is 359272003 prime?
True
Is 927236819 a prime number?
False
Is 514895797 a composite number?
True
Is 649509677 a composite number?
False
Is 1991911111 a composite number?
True
Is 6896857729 a composite number?
False
Is 19764006671 prime?
True
Is 836615257 composite?
False
Is 32927303593 a composite number?
False
Is 32965836151 a prime number?
False
Is 8527718519 prime?
False
Is 7982042701 a prime number?
False
Is 658349 prime?
True
Is 567486251 a composite number?
False
Is 35191560869 prime?
True
Is 14155832837 a prime number?
False
Is 194768909 a composite number?
False
Is 218988983 a composite number?
True
Is 25751845011 a prime number?
False
Is 462785809 a composite number?
False
Is 53387563 a prime number?
False
Is 521993501 composite?
False
Is 225748277 a prime number?
True
Is 8291173487 a composite number?
True
Is 5034601067 prime?
True
Is 160875567551 a prime number?
False
Is 502475021 prime?
True
Is 205133393 a composite number?
False
Is 1710200266 prime?
False
Is 1273307509 composite?
False
Is 155829277715 a composite number?
True
Is 384673076341 prime?
True
Is 960117371 prime?
True
Is 41463521 composite?
True
Is 1973228629 composite?
False
Is 303644657 a prime number?
True
Is 1174431331 a composite number?
False
Is 5292407399 a prime number?
False
Is 2356919731 a prime number?
False
Is 7230575227 a prime number?
True
Is 6715933321 composite?
False
Is 11120415983 a composite number?
True
Is 264605779 a composite number?
True
Is 8309358187 a composite number?
True
Is 520705417 prime?
True
Is 18208976383 composite?
True
Is 333235099 composite?
False
Is 4628712509 a prime number?
False
Is 16841482967 a composite number?
True
Is 603391277 a prime number?
True
Is 2068093745 prime?
False
Is 9593473 prime?
True
Is 395434253 a prime number?
False
Is 1386083249 a prime number?
False
Is 1973338639 composite?
False
Is 877731997 prime?
True
Is 79460368807 a composite number?
False
Is 9338130953 composite?
False
Is 466823593711 a composite number?
True
Is 33610729 prime?
True
Is 36607269 composite?
True
Is 7615417891 composite?
True
Is 68631304057 prime?
False
Is 184572623 a prime number?
True
Is 130848657167 composite?
False
Is 890558849 prime?
True
Is 10407168251 prime?
True
Is 41259523 prime?
True
Is 1540867423 prime?
False
Is 2865824257 prime?
True
Is 11997737953 a composite number?
False
Is 392162117 a composite number?
False
Is 3087480683 prime?
False
Is 3324800321 composite?
True
Is 7786239731 prime?
True
Is 18673077011 prime?
True
Is 9119660993 a prime number?
True
Is 4871055229 a composite number?
True
Is 6906881777 a composite number?
False
Is 932106221 a composite number?
True
Is 1630068269 a composite number?
False
Is 2078514551 a composite number?
False
Is 17947474403 composite?
False
Is 44603551243 prime?
False
Is 671282431 a composite number?
False
Is 9428531681 prime?
True
Is 5634709147 prime?
True
Is 515950399 a composite number?
False
Is 2120980247 prime?
True
Is 12306484367 a prime number?
False
Is 4232166611 a prime number?
Fals